h - 82. List the prime factors of h.
2, 41
Suppose 0 = -5*p + 4*p + 224. What are the prime factors of p?
2, 7
Let a(h) = 2*h**2 - 7*h - 8. Let j be a(6). Let i = j + -4. List the prime factors of i.
2, 3
Let p = -17 + 4. Let u = -19 - -11. Let m = u - p. List the prime factors of m.
5
Suppose 0 = 2*d + 198 - 564. What are the prime factors of d?
3, 61
Suppose -2*v + 0*v + 192 = 0. Suppose 3*n - v = n. What are the prime factors of n?
2, 3
Suppose s = -2*y + 60, s + 11 - 83 = 2*y. List the prime factors of s.
2, 3, 11
Suppose 0 = 5*k - 4*d - 11, -3*d = -5*k - 7*d - 21. Let z = k + -5. What are the prime factors of ((-4)/(-7))/(z/(-21))?
2
Let l(f) = f + 13. Let r be l(-7). Suppose -r*h = -h. Suppose -5*d - 4*n - 1 = h, 5*n + 0*n = -20. List the prime factors of d.
3
Let f(q) = 52*q**2 - 2*q - 3. List the prime factors of f(-1).
3, 17
Let b(y) = 29*y**2. Let p be b(-1). Let a = p + -10. What are the prime factors of a?
19
Suppose 2*d - 5 = 7*d + 5*n, 5*n = -15. Suppose -2*v = d*v - 140. List the prime factors of v.
5, 7
Suppose 3*w - 11 = 1. Suppose -4*q - 3*a + 43 = -w*a, 2*a + 31 = 3*q. List the prime factors of q.
11
Let x = 3 + 12. What are the prime factors of x?
3, 5
Let j(h) = -5*h - 5. Let f be j(-2). Let g = 36 - f. What are the prime factors of g?
31
Suppose -5*c + 47 = -48. What are the prime factors of c?
19
Let b = 16 + -9. Suppose b*a - 144 = 3*a. What are the prime factors of a?
2, 3
Suppose -15 + 219 = 4*v. Suppose 5*h + 4*i = 190, -i - v = -h - 4. What are the prime factors of h?
2, 3, 7
Let o(r) = 2*r**2 + 2*r - 3. Let m be o(-4). Suppose 0 = 3*h + j - m - 10, -5*h + 61 = -3*j. List the prime factors of h.
11
Let b(s) = -12*s + 2. Let l be -1*2 + -5 + 5. What are the prime factors of b(l)?
2, 13
Let d(o) = -o**3 - 5*o**2 - 4*o + 3. Let k be d(-4). Let s = 0 + k. Suppose s*c = 20 + 7. What are the prime factors of c?
3
Let h be 3/12 + (-38)/(-8). Suppose -o = -h*o + 20. Suppose 4*w - 15 = -b + 10, -2*w + o = -b. List the prime factors of b.
5
What are the prime factors of ((-860)/(-5))/(2 - (-2 + 2))?
2, 43
Let o(n) = n**3 + 5*n**2 - n - 3. Let p(c) be the second derivative of -c**3/6 - 5*c**2 - c. Let d be p(-5). List the prime factors of o(d).
2
Let j = 0 - 3. Let b(d) = d**2 - 3*d. List the prime factors of b(j).
2, 3
Suppose 0 = x - 16 - 17. What are the prime factors of x?
3, 11
Suppose -5*t = t - 318. What are the prime factors of t?
53
Let k(h) = h**3 - 3*h**2 + 4*h + 1. What are the prime factors of k(6)?
7, 19
Let w(f) = -f**2 + f + 2. Let o be w(4). List the prime factors of 560/25 - (-4)/o.
2, 11
Suppose -198 = -4*q - 2*b, -2*q - 3*q + 237 = -b. List the prime factors of (-1)/(1*(-4)/q).
2, 3
Suppose -4*k - h + 78 = -3*h, 4*h + 36 = 2*k. What are the prime factors of k?
2, 5
Let v = 9 - 4. Let s = 7 - v. Suppose 0 = 5*f - 2*y - 82, f - s*y - 34 = -f. List the prime factors of f.
2
Let h be 4/(-12) + (-10)/6. Let z = -2 - 3. Let c = h - z. What are the prime factors of c?
3
Let g = -15 + 40. List the prime factors of g.
5
Let t(y) = y**2 + 5*y - 5. Let n be t(-5). Let w = 13 + n. What are the prime factors of w?
2
Suppose 7*q = 4*q + 102. What are the prime factors of q?
2, 17
Suppose 0 = -2*b + 40 + 4. Let u = b + -15. List the prime factors of u.
7
Let a be (-8)/(-10)*220/(-8). Suppose -5*w = -3*d + d - 226, -4*d = -2*w + 84. Let r = w + a. List the prime factors of r.
2, 3
Suppose 0 = u + 5*m - 2*m + 24, 0 = -4*u - 2*m - 106. Let r = 58 - 19. Let p = u + r. What are the prime factors of p?
2, 3
Let t(a) = a**3 + 6*a**2 - 8*a - 2. Let n be t(-7). Suppose -5*p = -2*y - 6, -n*p = 2*y - 0*p - 14. Let f = 5 - y. List the prime factors of f.
3
Let v(w) = 4*w - 58. List the prime factors of v(23).
2, 17
Suppose 3*d - 5 - 7 = 0. Suppose -78 = -4*n + n - s, d*n - 5*s = 123. List the prime factors of n.
3
Let w(k) = 36*k**2 - 22*k + 1. What are the prime factors of w(3)?
7, 37
What are the prime factors of ((-112)/35)/((-2)/15)?
2, 3
Suppose 4*q = m + 8, 1 = -4*q + 2*m + 9. Suppose -2*b = -q - 46. List the prime factors of b.
2, 3
Suppose -t + 41 = -0*t. Suppose -5*m - t = -4*i, -4*i - 1 + 2 = 3*m. Suppose 48 = -v + i*v. What are the prime factors of v?
2
Suppose 0 = 5*n + 5*h - 25, h - 37 - 8 = -5*n. Suppose -2*u = -g - 6*u + n, 3*u - 101 = -5*g. List the prime factors of g.
2, 11
Let z be (0*(-3)/6)/(-1). Suppose -b - 4*t + 5 = z, -3*t - 4 = -2*b + 6. What are the prime factors of b?
5
Let r = 4 - 2. Suppose 0 = -r*w + 6*w - 8. What are the prime factors of (-2)/w - (-2 + -3)?
2
Let b(x) = -x - 2. Let j be b(-7). Suppose 5*h + 5 = 0, 2*a - 4*a = -j*h - 35. List the prime factors of a.
3, 5
Let w(z) = z**3 - 2*z**2 + 2*z - 2. Let p be w(2). Let l(s) = 8*s - 1. List the prime factors of l(p).
3, 5
Suppose -9 = -3*i + 9. Suppose 5*a - 35 = 4*d, 5*a + d = 4 + i. What are the prime factors of a?
3
Let q = -6 - -6. Suppose 0*b - 3*z = 2*b - 47, -b - 3*z + 19 = q. What are the prime factors of b?
2, 7
Let p = 190 - 0. Suppose p = -u + 6*u + 5*h, 4*u - 162 = h. Suppose 5*i + 3*b - u = 0, 2*i + i - 3*b - 24 = 0. What are the prime factors of i?
2
Let l be 2/(-6) - 1/(-3). Suppose -3*t - s + 56 = l, 2*t - 4*s = -0*t + 56. Suppose -5*d - 5*v + 90 = t, -18 = -d - 5*v. What are the prime factors of d?
13
Suppose 4*j + 16 = 3*l, 0 = -2*l + 3*j + 5 + 4. List the prime factors of l.
2, 3
Suppose -3*u + 188 = -280. List the prime factors of u.
2, 3, 13
Suppose -19*s + 192 = -245. List the prime factors of s.
23
Let t(j) be the third derivative of j**5/60 - j**4/24 - j**3/6 - j**2. Let z(x) = x**2 + 3*x - 1. Let c be z(-4). What are the prime factors of t(c)?
5
Let a = -17 + 41. List the prime factors of a.
2, 3
Let j(u) = 0*u - u + 3*u - u. Let r be j(4). What are the prime factors of r/2*(-104)/(-16)?
13
Let s = 0 - -2. Suppose -s*x + 4 = -x. What are the prime factors of x?
2
Suppose -76 = -3*g + g + 4*w, -g - 3*w = -38. List the prime factors of g.
2, 19
Let j be (3/(-4))/(1/(-16)). Suppose 0 = 2*c + r - 6, c + c = -5*r - 2. Suppose 3*h - 2*v - j = 0, 0 = -3*h + c*v - 0*v + 12. List the prime factors of h.
2
Suppose -3*x - 2*z = -892, -x + 0*x + 309 = 3*z. What are the prime factors of x?
2, 3, 7
Let t = -1 - -1. Suppose -2*q + 21 - 3 = t. List the prime factors of q.
3
Suppose 3 = -2*g - 5. Let q be (2/(-2))/(2/g). Suppose q*n - 4*j = 2, -4*n - 25 = 3*j - 84. What are the prime factors of n?
11
Suppose 4*a = 123 + 125. List the prime factors of a.
2, 31
Let f be 2/10 - 6/5. What are the prime factors of 14 + f/1 - 0?
13
Suppose -3*j = -7*j + 3*l + 43, 0 = -5*j - l + 49. Let q(k) = -k + 12. Let y be q(j). What are the prime factors of (-2)/(y + (-46)/22)?
2, 11
List the prime factors of 1/2 - 812/(-8).
2, 3, 17
Suppose h + 2*h - 1023 = 0. List the prime factors of h.
11, 31
Let c be -3*8/12*-10. Let b = -15 + c. What are the prime factors of b?
5
Suppose 5*w + 34 = 2*c, 2*w - 4 = 4*w - 4*c. What are the prime factors of w/(-5) - (-2)/5?
2
Let b(j) = -31*j - 16. Let a(n) = -6*n - 3. Let o(i) = -11*a(i) + 2*b(i). What are the prime factors of o(4)?
17
Let m(p) = -2*p + 6. Let d be m(9). Let w(n) = -6*n + 5. Let q(y) = -5*y + 5. Let l(j) = 5*q(j) - 4*w(j). List the prime factors of l(d).
17
Let u = -50 - -71. List the prime factors of u.
3, 7
Let p be 1 + -2 - -2 - -5. Let o(y) = 1 + 7 - 5*y**2 + 5*y**3 - 6*y - 4*y**3 + 0*y. What are the prime factors of o(p)?
2
Suppose 0 = 4*j - 3*j. Suppose -3*f + 2*k + 49 = 0, j = 2*f + 2*k + k - 37. What are the prime factors of f?
17
Let z be (-346)/14 - (-4)/(-14). Let r = -17 - z. Let m = r + -2. List the prime factors of m.
2, 3
Let a = 202 + 50. List the prime factors of a.
2, 3, 7
Let h(n) be the first derivative of -n**3/3 + 7*n**2/2 - 4*n - 3. Let r be h(6). Suppose -2*z - 3*q = -9, z - q = r*q. What are the prime factors of z?
3
Suppose k + 6 - 9 = 0. Let q be 1/3 - (-14)/k. Suppose 3*f - 54 = -3*n, 0*n - 25 = -q*n. List the prime factors of f.
13
Suppose k = 3*k - 2*t + 30, 19 = -k + 5*t. Let i be (-3)/(-9) + k/(-3). Suppose -i = 2*j - 23. List the prime factors of j.
3
Suppose 0 = -2*m + 11 - 29. Let y = -5 - m. List the prime factors of y.
2
Let y be -2 + -1 + 3 - -10. Suppose c = 4*u - y, 0 = c + u + 1 - 16. Let q = c + -3. List the prime factors of q.
7
Suppose -1015 = -5*d + 3*f, 10